{"id":413,"date":"2026-02-12T22:22:44","date_gmt":"2026-02-12T22:22:44","guid":{"rendered":"https:\/\/almas-architecture.com\/?page_id=413"},"modified":"2026-02-13T23:41:50","modified_gmt":"2026-02-13T23:41:50","slug":"services","status":"publish","type":"page","link":"https:\/\/almas-architecture.com\/index.php\/services\/","title":{"rendered":"SERVICES"},"content":{"rendered":"\n<p class=\"has-luminous-vivid-orange-color has-text-color has-link-color wp-elements-b0999d356e20f4a040cdf9d7ffbe307f\">Le mots Trouver un mot corresponds aux offres propos\u00e9es <\/p>\n\n\n\n<p><strong>EXPERTISES<\/strong><\/p>\n\n\n\n<p>COMPETENCE<\/p>\n\n\n\n<p>OFFRES<\/p>\n\n\n\n<p class=\"has-luminous-vivid-orange-color has-text-color has-link-color wp-elements-b4cbbf4a00f7417c70807494ae4e11d2\">Ecrire les services propos\u00e9es plus approfondies que conception ex\u00e9cution&#8230;<\/p>\n\n\n\n<div class=\"wp-block-group alignfull has-mono-4-background-color has-background has-global-padding is-layout-constrained wp-container-core-group-is-layout-7b5e4b56 wp-block-group-is-layout-constrained\" style=\"margin-top:0;margin-bottom:0;padding-top:var(--wp--preset--spacing--superbspacing-medium);padding-right:var(--wp--preset--spacing--superbspacing-small);padding-bottom:var(--wp--preset--spacing--superbspacing-medium);padding-left:var(--wp--preset--spacing--superbspacing-small)\">\n<div class=\"wp-block-group alignwide is-vertical is-content-justification-center is-layout-flex wp-container-core-group-is-layout-4c120eef wp-block-group-is-layout-flex\">\n<p class=\"has-text-align-center has-mono-2-color has-text-color has-superbfont-small-font-size\">Nous accompagnons chaque projet de l\u2019id\u00e9e \u00e0 la r\u00e9alisation, en mettant notre expertise pluridisciplinaire \u00e0 votre service.<\/p>\n<\/div>\n\n\n\n<div class=\"wp-block-columns alignwide is-layout-flex wp-container-core-columns-is-layout-f9d87e41 wp-block-columns-is-layout-flex\">\n<div class=\"wp-block-column is-vertically-aligned-center is-layout-flow wp-container-core-column-is-layout-db2cb278 wp-block-column-is-layout-flow\">\n<figure class=\"wp-block-image aligncenter size-large has-custom-border wp-duotone-grayscale\"><img loading=\"lazy\" decoding=\"async\" width=\"1024\" height=\"1024\" src=\"https:\/\/almas-architecture.com\/wp-content\/uploads\/2026\/01\/img_20230724_191326-1024x1024.jpg\" alt=\"\" class=\"wp-image-136\" style=\"border-radius:8px;aspect-ratio:1;object-fit:cover\" srcset=\"https:\/\/almas-architecture.com\/wp-content\/uploads\/2026\/01\/img_20230724_191326-1024x1024.jpg 1024w, https:\/\/almas-architecture.com\/wp-content\/uploads\/2026\/01\/img_20230724_191326-300x300.jpg 300w, https:\/\/almas-architecture.com\/wp-content\/uploads\/2026\/01\/img_20230724_191326-150x150.jpg 150w, https:\/\/almas-architecture.com\/wp-content\/uploads\/2026\/01\/img_20230724_191326-768x768.jpg 768w, https:\/\/almas-architecture.com\/wp-content\/uploads\/2026\/01\/img_20230724_191326-1536x1536.jpg 1536w, https:\/\/almas-architecture.com\/wp-content\/uploads\/2026\/01\/img_20230724_191326.jpg 1800w\" sizes=\"auto, (max-width: 1024px) 100vw, 1024px\" \/><\/figure>\n\n\n\n<div class=\"wp-block-group has-global-padding is-layout-constrained wp-container-core-group-is-layout-85cc789f wp-block-group-is-layout-constrained\">\n<div class=\"wp-block-group has-global-padding is-layout-constrained wp-container-core-group-is-layout-19e250f3 wp-block-group-is-layout-constrained\">\n<h3 class=\"wp-block-heading has-text-align-center has-contrast-color has-text-color has-superbfont-medium-font-size\"><a href=\"https:\/\/almas-architecture.com\/index.php\/projets\/\" data-type=\"page\" data-id=\"26\">PROSPECTION FONCIERE<\/a><\/h3>\n<\/div>\n\n\n\n<p class=\"has-text-align-center has-mono-2-color has-text-color has-superbfont-xsmall-font-size\" style=\"margin-top:var(--wp--preset--spacing--superbspacing-xxsmall);margin-bottom:var(--wp--preset--spacing--superbspacing-xxsmall)\">Identifier et \u00e9valuer le potentiel des terrains<\/p>\n\n\n\n<details class=\"wp-block-details alignfull is-layout-flow wp-block-details-is-layout-flow\"><summary><em>Prospection fonci\u00e8re<\/em><\/summary>\n<p class=\"has-primary-hover-color has-text-color has-link-color has-superbfont-xsmall-font-size wp-elements-624262cb08db8bed23beec6b66de41cf\">Approche proactive permettant d&rsquo;optimiser les couts d&rsquo;acquisition, mais aussi de valoriser les propri\u00e9t\u00e9s, en assurant une meilleure gestion des risques et en maximisant le potentiel de chaque projet.<\/p>\n<\/details>\n<\/div>\n<\/div>\n\n\n\n<div class=\"wp-block-column is-vertically-aligned-center is-layout-flow wp-container-core-column-is-layout-db2cb278 wp-block-column-is-layout-flow\">\n<figure class=\"wp-block-image aligncenter size-full has-custom-border wp-duotone-grayscale\"><img loading=\"lazy\" decoding=\"async\" width=\"768\" height=\"960\" src=\"http:\/\/almas-architecture.com\/wp-content\/uploads\/2026\/01\/seine.jpg\" alt=\"\" class=\"wp-image-129\" style=\"border-radius:8px;aspect-ratio:1;object-fit:cover\" srcset=\"https:\/\/almas-architecture.com\/wp-content\/uploads\/2026\/01\/seine.jpg 768w, https:\/\/almas-architecture.com\/wp-content\/uploads\/2026\/01\/seine-240x300.jpg 240w\" sizes=\"auto, (max-width: 768px) 100vw, 768px\" \/><\/figure>\n\n\n\n<div class=\"wp-block-group has-global-padding is-layout-constrained wp-container-core-group-is-layout-85cc789f wp-block-group-is-layout-constrained\">\n<div class=\"wp-block-group has-global-padding is-layout-constrained wp-container-core-group-is-layout-19e250f3 wp-block-group-is-layout-constrained\">\n<h3 class=\"wp-block-heading has-text-align-center has-contrast-color has-text-color has-superbfont-medium-font-size\">AUDIT &amp; PHOTOGRAPHIE<\/h3>\n<\/div>\n\n\n\n<p class=\"has-text-align-center has-mono-2-color has-text-color has-superbfont-xsmall-font-size\" style=\"margin-top:var(--wp--preset--spacing--superbspacing-xxsmall);margin-bottom:var(--wp--preset--spacing--superbspacing-xxsmall)\">Evaluer l&rsquo;existant<\/p>\n\n\n\n<details class=\"wp-block-details alignfull is-layout-flow wp-block-details-is-layout-flow\"><summary><em>Audit &amp; Photographies<\/em><\/summary>\n<p class=\"has-vivid-red-color has-text-color has-link-color has-superbfont-xsmall-font-size wp-elements-b2e08bed214e9234dbfd5a848fa7f4f8\">Approche proactive permettant d&rsquo;optimiser les couts d&rsquo;acquisition, mais aussi de valoriser les propri\u00e9t\u00e9s, en assurant une meilleure gestion des risques et en maximisant le potentiel de chaque projet.<\/p>\n<\/details>\n<\/div>\n<\/div>\n\n\n\n<div class=\"wp-block-column is-vertically-aligned-center is-layout-flow wp-container-core-column-is-layout-db2cb278 wp-block-column-is-layout-flow\">\n<figure class=\"wp-block-image aligncenter size-large is-resized has-custom-border wp-duotone-grayscale\"><img decoding=\"async\" src=\"https:\/\/almas-architecture.com\/wp-content\/themes\/beiged\/assets\/images\/team\/fitness.png\" alt=\"\" style=\"border-radius:8px;aspect-ratio:1;object-fit:cover;width:447px;height:auto\"\/><\/figure>\n\n\n\n<div class=\"wp-block-group has-global-padding is-layout-constrained wp-container-core-group-is-layout-85cc789f wp-block-group-is-layout-constrained\">\n<div class=\"wp-block-group has-global-padding is-layout-constrained wp-container-core-group-is-layout-19e250f3 wp-block-group-is-layout-constrained\">\n<h3 class=\"wp-block-heading has-text-align-center has-contrast-color has-text-color has-superbfont-medium-font-size\">REHABILITATION<\/h3>\n<\/div>\n\n\n\n<p class=\"has-text-align-center has-mono-2-color has-text-color has-superbfont-xsmall-font-size\" style=\"margin-top:var(--wp--preset--spacing--superbspacing-xxsmall);margin-bottom:var(--wp--preset--spacing--superbspacing-xxsmall)\">Revitalisation de l&rsquo;existant<\/p>\n\n\n\n<details class=\"wp-block-details alignfull is-layout-flow wp-block-details-is-layout-flow\"><summary><em>R\u00e9habilitation<\/em><\/summary>\n<p class=\"has-vivid-red-color has-text-color has-link-color has-superbfont-xsmall-font-size wp-elements-b2e08bed214e9234dbfd5a848fa7f4f8\">Approche proactive permettant d&rsquo;optimiser les couts d&rsquo;acquisition, mais aussi de valoriser les propri\u00e9t\u00e9s, en assurant une meilleure gestion des risques et en maximisant le potentiel de chaque projet.<\/p>\n<\/details>\n<\/div>\n<\/div>\n<\/div>\n\n\n\n<div class=\"wp-block-group alignfull has-mono-4-background-color has-background has-global-padding is-layout-constrained wp-container-core-group-is-layout-7b5e4b56 wp-block-group-is-layout-constrained\" style=\"margin-top:0;margin-bottom:0;padding-top:var(--wp--preset--spacing--superbspacing-medium);padding-right:var(--wp--preset--spacing--superbspacing-small);padding-bottom:var(--wp--preset--spacing--superbspacing-medium);padding-left:var(--wp--preset--spacing--superbspacing-small)\">\n<div class=\"wp-block-columns alignwide is-layout-flex wp-container-core-columns-is-layout-f9d87e41 wp-block-columns-is-layout-flex\">\n<div class=\"wp-block-column is-vertically-aligned-center is-layout-flow wp-container-core-column-is-layout-db2cb278 wp-block-column-is-layout-flow\">\n<figure class=\"wp-block-image aligncenter size-large has-custom-border wp-duotone-grayscale\"><img decoding=\"async\" src=\"https:\/\/almas-architecture.com\/wp-content\/themes\/beiged\/assets\/images\/team\/fashion.png\" alt=\"\" style=\"border-radius:8px;aspect-ratio:1;object-fit:cover\"\/><\/figure>\n\n\n\n<div class=\"wp-block-group has-global-padding is-layout-constrained wp-container-core-group-is-layout-85cc789f wp-block-group-is-layout-constrained\">\n<div class=\"wp-block-group has-global-padding is-layout-constrained wp-container-core-group-is-layout-19e250f3 wp-block-group-is-layout-constrained\">\n<h3 class=\"wp-block-heading has-text-align-center has-contrast-color has-text-color has-superbfont-medium-font-size\">RENOVATION ENERGETIQUE<\/h3>\n<\/div>\n\n\n\n<p class=\"has-text-align-center has-mono-2-color has-text-color has-superbfont-xsmall-font-size\" style=\"margin-top:var(--wp--preset--spacing--superbspacing-xxsmall);margin-bottom:var(--wp--preset--spacing--superbspacing-xxsmall)\">Am\u00e9lioration du confort et de la performance \u00e9nerg\u00e9tique.<\/p>\n\n\n\n<details class=\"wp-block-details alignfull is-layout-flow wp-block-details-is-layout-flow\"><summary><em>R\u00e9novation \u00e9nerg\u00e9tique<\/em><\/summary>\n<p class=\"has-vivid-red-color has-text-color has-link-color has-superbfont-xsmall-font-size wp-elements-b2e08bed214e9234dbfd5a848fa7f4f8\">Approche proactive permettant d&rsquo;optimiser les couts d&rsquo;acquisition, mais aussi de valoriser les propri\u00e9t\u00e9s, en assurant une meilleure gestion des risques et en maximisant le potentiel de chaque projet.<\/p>\n<\/details>\n<\/div>\n<\/div>\n\n\n\n<div class=\"wp-block-column is-vertically-aligned-center is-layout-flow wp-container-core-column-is-layout-db2cb278 wp-block-column-is-layout-flow\">\n<figure class=\"wp-block-image aligncenter size-large has-custom-border wp-duotone-grayscale\"><img decoding=\"async\" src=\"https:\/\/almas-architecture.com\/wp-content\/themes\/beiged\/assets\/images\/team\/outdoor.png\" alt=\"\" style=\"border-radius:8px;aspect-ratio:1;object-fit:cover\"\/><\/figure>\n\n\n\n<div class=\"wp-block-group has-global-padding is-layout-constrained wp-container-core-group-is-layout-85cc789f wp-block-group-is-layout-constrained\">\n<div class=\"wp-block-group has-global-padding is-layout-constrained wp-container-core-group-is-layout-19e250f3 wp-block-group-is-layout-constrained\">\n<h3 class=\"wp-block-heading has-text-align-center has-contrast-color has-text-color has-superbfont-medium-font-size\">CONCEPTION<\/h3>\n<\/div>\n\n\n\n<p class=\"has-text-align-center has-mono-2-color has-text-color has-superbfont-xsmall-font-size\" style=\"margin-top:var(--wp--preset--spacing--superbspacing-xxsmall);margin-bottom:var(--wp--preset--spacing--superbspacing-xxsmall)\">Elaboration de solution innovante<\/p>\n\n\n\n<details class=\"wp-block-details alignfull is-layout-flow wp-block-details-is-layout-flow\"><summary><em>Conception et Innovation<\/em><\/summary>\n<p class=\"has-vivid-red-color has-text-color has-link-color has-superbfont-xsmall-font-size wp-elements-b2e08bed214e9234dbfd5a848fa7f4f8\">Approche proactive permettant d&rsquo;optimiser les couts d&rsquo;acquisition, mais aussi de valoriser les propri\u00e9t\u00e9s, en assurant une meilleure gestion des risques et en maximisant le potentiel de chaque projet.<\/p>\n<\/details>\n<\/div>\n<\/div>\n\n\n\n<div class=\"wp-block-column is-vertically-aligned-center is-layout-flow wp-container-core-column-is-layout-db2cb278 wp-block-column-is-layout-flow\">\n<figure class=\"wp-block-image aligncenter size-full is-resized has-custom-border wp-duotone-grayscale\"><img loading=\"lazy\" decoding=\"async\" width=\"768\" height=\"512\" src=\"http:\/\/almas-architecture.com\/wp-content\/uploads\/2026\/01\/IMG_0726-768x960-4.jpg\" alt=\"\" class=\"wp-image-65\" style=\"border-radius:8px;aspect-ratio:1;object-fit:cover;width:429px;height:auto\" srcset=\"https:\/\/almas-architecture.com\/wp-content\/uploads\/2026\/01\/IMG_0726-768x960-4.jpg 768w, https:\/\/almas-architecture.com\/wp-content\/uploads\/2026\/01\/IMG_0726-768x960-4-300x200.jpg 300w\" sizes=\"auto, (max-width: 768px) 100vw, 768px\" \/><\/figure>\n\n\n\n<div class=\"wp-block-group has-global-padding is-layout-constrained wp-container-core-group-is-layout-85cc789f wp-block-group-is-layout-constrained\">\n<div class=\"wp-block-group has-global-padding is-layout-constrained wp-container-core-group-is-layout-19e250f3 wp-block-group-is-layout-constrained\">\n<h3 class=\"wp-block-heading has-text-align-center has-contrast-color has-text-color has-superbfont-medium-font-size\">EXECUTION<\/h3>\n<\/div>\n\n\n\n<p class=\"has-text-align-center has-mono-2-color has-text-color has-superbfont-xsmall-font-size\" style=\"margin-top:var(--wp--preset--spacing--superbspacing-xxsmall);margin-bottom:var(--wp--preset--spacing--superbspacing-xxsmall)\">Assurer la bonne ex\u00e9cution des travaux<\/p>\n\n\n\n<details class=\"wp-block-details alignfull is-layout-flow wp-block-details-is-layout-flow\"><summary><em>Suivies de chantier<\/em><\/summary>\n<p class=\"has-vivid-red-color has-text-color has-link-color has-superbfont-xsmall-font-size wp-elements-b2e08bed214e9234dbfd5a848fa7f4f8\">Approche proactive permettant d&rsquo;optimiser les couts d&rsquo;acquisition, mais aussi de valoriser les propri\u00e9t\u00e9s, en assurant une meilleure gestion des risques et en maximisant le potentiel de chaque projet.<\/p>\n<\/details>\n<\/div>\n<\/div>\n<\/div>\n<\/div>\n\n\n\n<div class=\"wp-block-group alignfull has-global-padding is-layout-constrained wp-container-core-group-is-layout-6f728c96 wp-block-group-is-layout-constrained has-background\" style=\"margin-top:var(--wp--preset--spacing--superbspacing-medium);margin-bottom:var(--wp--preset--spacing--superbspacing-medium);padding-top:var(--wp--preset--spacing--superbspacing-xxlarge);padding-right:var(--wp--preset--spacing--superbspacing-small);padding-bottom:var(--wp--preset--spacing--superbspacing-xxlarge);padding-left:var(--wp--preset--spacing--superbspacing-small);background-image:url(&apos;https:\/\/almas-architecture.com\/wp-content\/themes\/idea-flow\/assets\/images\/cta-bg.jpeg&apos;);background-size:cover;\">\n<div class=\"wp-block-group has-global-padding is-content-justification-left is-layout-constrained wp-container-core-group-is-layout-5ca4c923 wp-block-group-is-layout-constrained\">\n<h2 class=\"wp-block-heading has-text-align-left has-text-color has-superbfont-tiny-font-size\" style=\"color:#fdfdfd\"><\/h2>\n<\/div>\n<\/div>\n<\/div>\n\n\n\n<p><\/p>\n","protected":false},"excerpt":{"rendered":"<p>Le mots Trouver un mot corresponds aux offres propos\u00e9es EXPERTISES COMPETENCE OFFRES Ecrire les services propos\u00e9es plus approfondies que conception ex\u00e9cution&#8230; Nous accompagnons chaque projet de l\u2019id\u00e9e \u00e0 la r\u00e9alisation, en mettant notre expertise pluridisciplinaire \u00e0 votre service. PROSPECTION FONCIERE Identifier et \u00e9valuer le potentiel des terrains AUDIT &amp; PHOTOGRAPHIE Evaluer l&rsquo;existant REHABILITATION Revitalisation de [&hellip;]<\/p>\n","protected":false},"author":1,"featured_media":0,"parent":0,"menu_order":0,"comment_status":"closed","ping_status":"closed","template":"","meta":{"footnotes":""},"class_list":["post-413","page","type-page","status-publish","hentry"],"_links":{"self":[{"href":"https:\/\/almas-architecture.com\/index.php\/wp-json\/wp\/v2\/pages\/413","targetHints":{"allow":["GET"]}}],"collection":[{"href":"https:\/\/almas-architecture.com\/index.php\/wp-json\/wp\/v2\/pages"}],"about":[{"href":"https:\/\/almas-architecture.com\/index.php\/wp-json\/wp\/v2\/types\/page"}],"author":[{"embeddable":true,"href":"https:\/\/almas-architecture.com\/index.php\/wp-json\/wp\/v2\/users\/1"}],"replies":[{"embeddable":true,"href":"https:\/\/almas-architecture.com\/index.php\/wp-json\/wp\/v2\/comments?post=413"}],"version-history":[{"count":6,"href":"https:\/\/almas-architecture.com\/index.php\/wp-json\/wp\/v2\/pages\/413\/revisions"}],"predecessor-version":[{"id":465,"href":"https:\/\/almas-architecture.com\/index.php\/wp-json\/wp\/v2\/pages\/413\/revisions\/465"}],"wp:attachment":[{"href":"https:\/\/almas-architecture.com\/index.php\/wp-json\/wp\/v2\/media?parent=413"}],"curies":[{"name":"wp","href":"https:\/\/api.w.org\/{rel}","templated":true}]}}